{"id":52,"date":"2024-03-02T12:40:26","date_gmt":"2024-03-02T12:40:26","guid":{"rendered":"https:\/\/moturysta.pl\/?page_id=52"},"modified":"2024-03-02T12:40:31","modified_gmt":"2024-03-02T12:40:31","slug":"o-mnie","status":"publish","type":"page","link":"https:\/\/moturysta.pl\/index.php\/o-mnie\/","title":{"rendered":"O mnie"},"content":{"rendered":"\n<p>W tym miejscu&nbsp;ludzie przewa\u017cnie pisz\u0105 kim s\u0105, co robi\u0105, ile maj\u0105 lat i takie tam&#8230; Nie jestem jednak fanem informowania ca\u0142ego \u015bwiata o moim \u017cyciu prywatnym. Wypada jednak co\u015b napisa\u0107. A wi\u0119c uchyl\u0119 r\u0105bka prywatno\u015bci, ale tylko w dziedzinie, kt\u00f3ra mnie fascynuje. A wi\u0119c\u2026&nbsp;Jednym (nie jedynym!)&nbsp;z moich zainteresowa\u0144 s\u0105 podr\u00f3\u017ce motocyklowe. I powiem tak: ze spraw ZUPE\u0141NIE NIEWA\u017bNYCH, to w\u0142a\u015bnie one (i narciarstwo) s\u0105 dla mnie najwa\u017cniejsze. Je\u017cd\u017c\u0119 ile tylko czas i finanse pozwalaj\u0105. Gdy ich brak, to czytam o podr\u00f3\u017cach co tylko mog\u0119 i gdzie si\u0119 da. Si\u0142\u0105 rzeczy tak\u017ce w internecie. I widz\u0119 tam spore zainteresowanie tematem moto-podr\u00f3\u017cy oraz r\u00f3\u017cne sposoby dzielenia si\u0119 swymi zainteresowaniami i prze\u017cyciami. Oczywi\u015bcie dla jednych b\u0119dzie&nbsp;to forum wymiany informacji, podzielenia si\u0119 do\u015bwiadczeniami, \u017ar\u00f3d\u0142o inspiracji i motywacji do dzia\u0142ania. Dla innych areopag pychy, pr\u00f3\u017cno\u015bci i przechwa\u0142ek. Dla wielu spos\u00f3b na zarobienie pieni\u0119dzy, dla innych metoda ich marnotrawienia. No c\u00f3\u017c&#8230; Ka\u017cdy widzi to, co chce zobaczy\u0107&#8230;&nbsp;Ja osobi\u015bcie mam nadziej\u0119, \u017ce ta strona raczej zainspiruje i rozpali innych, a nie zgorszy.&nbsp;Wi\u0119c, je\u015bli kto\u015b doczyta\u0142 do tego miejsca i wytrzyma\u0142 &#8211; zapraszam dalej!<\/p>\n\n\n\n<p>PS. Niestety jak ka\u017cdy Polak nie narzekam na nadmiar czasu, wi\u0119c informacje na stronie b\u0119d\u0105 pojawia\u0107 si\u0119 pewnie baaardzo powoli&#8230;<\/p>\n","protected":false},"excerpt":{"rendered":"<p>W tym miejscu&nbsp;ludzie przewa\u017cnie pisz\u0105 kim s\u0105, co robi\u0105, ile maj\u0105 lat i takie tam&#8230; Nie jestem jednak fanem informowania ca\u0142ego \u015bwiata o moim \u017cyciu prywatnym. Wypada jednak co\u015b napisa\u0107. A wi\u0119c uchyl\u0119 r\u0105bka prywatno\u015bci, ale tylko w dziedzinie, kt\u00f3ra mnie fascynuje. A wi\u0119c\u2026&nbsp;Jednym (nie jedynym!)&nbsp;z moich zainteresowa\u0144 s\u0105 podr\u00f3\u017ce motocyklowe. I powiem tak: ze spraw ZUPE\u0141NIE NIEWA\u017bNYCH, to w\u0142a\u015bnie one (i narciarstwo) s\u0105 dla mnie najwa\u017cniejsze. Je\u017cd\u017c\u0119 ile tylko czas i finanse pozwalaj\u0105. Gdy ich brak, to czytam o podr\u00f3\u017cach co tylko mog\u0119 i gdzie si\u0119 da. Si\u0142\u0105 rzeczy tak\u017ce w internecie. I widz\u0119 tam spore zainteresowanie tematem moto-podr\u00f3\u017cy oraz r\u00f3\u017cne sposoby dzielenia si\u0119 swymi zainteresowaniami i prze\u017cyciami. Oczywi\u015bcie dla jednych b\u0119dzie&nbsp;to forum wymiany informacji, podzielenia si\u0119 do\u015bwiadczeniami, \u017ar\u00f3d\u0142o inspiracji i motywacji do dzia\u0142ania. Dla innych areopag pychy, pr\u00f3\u017cno\u015bci i przechwa\u0142ek. Dla wielu spos\u00f3b na zarobienie pieni\u0119dzy, dla innych metoda ich marnotrawienia. No c\u00f3\u017c&#8230; Ka\u017cdy widzi to, co chce zobaczy\u0107&#8230;&nbsp;Ja osobi\u015bcie mam nadziej\u0119, \u017ce ta strona raczej zainspiruje i rozpali innych, a nie zgorszy.&nbsp;Wi\u0119c, je\u015bli kto\u015b doczyta\u0142 do tego miejsca i wytrzyma\u0142 &#8211; zapraszam dalej! PS. Niestety jak ka\u017cdy Polak nie narzekam na nadmiar czasu, wi\u0119c informacje na stronie b\u0119d\u0105 pojawia\u0107 si\u0119 pewnie baaardzo powoli&#8230;<\/p>\n","protected":false},"author":1,"featured_media":0,"parent":0,"menu_order":0,"comment_status":"closed","ping_status":"closed","template":"","meta":{"footnotes":""},"class_list":["post-52","page","type-page","status-publish","hentry"],"yoast_head":"<!-- This site is optimized with the Yoast SEO plugin v27.5 - https:\/\/yoast.com\/product\/yoast-seo-wordpress\/ -->\n<title>O mnie - moturysta.pl<\/title>\n<meta name=\"robots\" content=\"index, follow, max-snippet:-1, max-image-preview:large, max-video-preview:-1\" \/>\n<link rel=\"canonical\" href=\"https:\/\/moturysta.pl\/index.php\/o-mnie\/\" \/>\n<meta property=\"og:locale\" content=\"pl_PL\" \/>\n<meta property=\"og:type\" content=\"article\" \/>\n<meta property=\"og:title\" content=\"O mnie - moturysta.pl\" \/>\n<meta property=\"og:description\" content=\"W tym miejscu&nbsp;ludzie przewa\u017cnie pisz\u0105 kim s\u0105, co robi\u0105, ile maj\u0105 lat i takie tam&#8230; Nie jestem jednak fanem informowania ca\u0142ego \u015bwiata o moim \u017cyciu prywatnym. Wypada jednak co\u015b napisa\u0107. A wi\u0119c uchyl\u0119 r\u0105bka prywatno\u015bci, ale tylko w dziedzinie, kt\u00f3ra mnie fascynuje. A wi\u0119c\u2026&nbsp;Jednym (nie jedynym!)&nbsp;z moich zainteresowa\u0144 s\u0105 podr\u00f3\u017ce motocyklowe. I powiem tak: ze spraw ZUPE\u0141NIE NIEWA\u017bNYCH, to w\u0142a\u015bnie one (i narciarstwo) s\u0105 dla mnie najwa\u017cniejsze. Je\u017cd\u017c\u0119 ile tylko czas i finanse pozwalaj\u0105. Gdy ich brak, to czytam o podr\u00f3\u017cach co tylko mog\u0119 i gdzie si\u0119 da. Si\u0142\u0105 rzeczy tak\u017ce w internecie. I widz\u0119 tam spore zainteresowanie tematem moto-podr\u00f3\u017cy oraz r\u00f3\u017cne sposoby dzielenia si\u0119 swymi zainteresowaniami i prze\u017cyciami. Oczywi\u015bcie dla jednych b\u0119dzie&nbsp;to forum wymiany informacji, podzielenia si\u0119 do\u015bwiadczeniami, \u017ar\u00f3d\u0142o inspiracji i motywacji do dzia\u0142ania. Dla innych areopag pychy, pr\u00f3\u017cno\u015bci i przechwa\u0142ek. Dla wielu spos\u00f3b na zarobienie pieni\u0119dzy, dla innych metoda ich marnotrawienia. No c\u00f3\u017c&#8230; Ka\u017cdy widzi to, co chce zobaczy\u0107&#8230;&nbsp;Ja osobi\u015bcie mam nadziej\u0119, \u017ce ta strona raczej zainspiruje i rozpali innych, a nie zgorszy.&nbsp;Wi\u0119c, je\u015bli kto\u015b doczyta\u0142 do tego miejsca i wytrzyma\u0142 &#8211; zapraszam dalej! PS. Niestety jak ka\u017cdy Polak nie narzekam na nadmiar czasu, wi\u0119c informacje na stronie b\u0119d\u0105 pojawia\u0107 si\u0119 pewnie baaardzo powoli&#8230;\" \/>\n<meta property=\"og:url\" content=\"https:\/\/moturysta.pl\/index.php\/o-mnie\/\" \/>\n<meta property=\"og:site_name\" content=\"moturysta.pl\" \/>\n<meta property=\"article:modified_time\" content=\"2024-03-02T12:40:31+00:00\" \/>\n<meta name=\"twitter:card\" content=\"summary_large_image\" \/>\n<meta name=\"twitter:label1\" content=\"Szacowany czas czytania\" \/>\n\t<meta name=\"twitter:data1\" content=\"2 minuty\" \/>\n<script type=\"application\/ld+json\" class=\"yoast-schema-graph\">{\"@context\":\"https:\\\/\\\/schema.org\",\"@graph\":[{\"@type\":\"WebPage\",\"@id\":\"https:\\\/\\\/moturysta.pl\\\/index.php\\\/o-mnie\\\/\",\"url\":\"https:\\\/\\\/moturysta.pl\\\/index.php\\\/o-mnie\\\/\",\"name\":\"O mnie - moturysta.pl\",\"isPartOf\":{\"@id\":\"https:\\\/\\\/moturysta.pl\\\/#website\"},\"datePublished\":\"2024-03-02T12:40:26+00:00\",\"dateModified\":\"2024-03-02T12:40:31+00:00\",\"breadcrumb\":{\"@id\":\"https:\\\/\\\/moturysta.pl\\\/index.php\\\/o-mnie\\\/#breadcrumb\"},\"inLanguage\":\"pl-PL\",\"potentialAction\":[{\"@type\":\"ReadAction\",\"target\":[\"https:\\\/\\\/moturysta.pl\\\/index.php\\\/o-mnie\\\/\"]}]},{\"@type\":\"BreadcrumbList\",\"@id\":\"https:\\\/\\\/moturysta.pl\\\/index.php\\\/o-mnie\\\/#breadcrumb\",\"itemListElement\":[{\"@type\":\"ListItem\",\"position\":1,\"name\":\"Home\",\"item\":\"https:\\\/\\\/moturysta.pl\\\/\"},{\"@type\":\"ListItem\",\"position\":2,\"name\":\"O mnie\"}]},{\"@type\":\"WebSite\",\"@id\":\"https:\\\/\\\/moturysta.pl\\\/#website\",\"url\":\"https:\\\/\\\/moturysta.pl\\\/\",\"name\":\"Podr\u00f3\u017ce motocyklowe\",\"description\":\"jeden Cel... wiele Dr\u00f3g\",\"publisher\":{\"@id\":\"https:\\\/\\\/moturysta.pl\\\/#\\\/schema\\\/person\\\/15421b60b90a49ff8984002e28288631\"},\"potentialAction\":[{\"@type\":\"SearchAction\",\"target\":{\"@type\":\"EntryPoint\",\"urlTemplate\":\"https:\\\/\\\/moturysta.pl\\\/?s={search_term_string}\"},\"query-input\":{\"@type\":\"PropertyValueSpecification\",\"valueRequired\":true,\"valueName\":\"search_term_string\"}}],\"inLanguage\":\"pl-PL\"},{\"@type\":[\"Person\",\"Organization\"],\"@id\":\"https:\\\/\\\/moturysta.pl\\\/#\\\/schema\\\/person\\\/15421b60b90a49ff8984002e28288631\",\"name\":\"moturysta\",\"image\":{\"@type\":\"ImageObject\",\"inLanguage\":\"pl-PL\",\"@id\":\"https:\\\/\\\/secure.gravatar.com\\\/avatar\\\/f3409b2e14918dd2de3b006e2937960734f928ca006ec41ab81cfc57937a4ccc?s=96&d=mm&r=g\",\"url\":\"https:\\\/\\\/secure.gravatar.com\\\/avatar\\\/f3409b2e14918dd2de3b006e2937960734f928ca006ec41ab81cfc57937a4ccc?s=96&d=mm&r=g\",\"contentUrl\":\"https:\\\/\\\/secure.gravatar.com\\\/avatar\\\/f3409b2e14918dd2de3b006e2937960734f928ca006ec41ab81cfc57937a4ccc?s=96&d=mm&r=g\",\"caption\":\"moturysta\"},\"logo\":{\"@id\":\"https:\\\/\\\/secure.gravatar.com\\\/avatar\\\/f3409b2e14918dd2de3b006e2937960734f928ca006ec41ab81cfc57937a4ccc?s=96&d=mm&r=g\"},\"sameAs\":[\"https:\\\/\\\/moturysta.pl\"]}]}<\/script>\n<!-- \/ Yoast SEO plugin. -->","yoast_head_json":{"title":"O mnie - moturysta.pl","robots":{"index":"index","follow":"follow","max-snippet":"max-snippet:-1","max-image-preview":"max-image-preview:large","max-video-preview":"max-video-preview:-1"},"canonical":"https:\/\/moturysta.pl\/index.php\/o-mnie\/","og_locale":"pl_PL","og_type":"article","og_title":"O mnie - moturysta.pl","og_description":"W tym miejscu&nbsp;ludzie przewa\u017cnie pisz\u0105 kim s\u0105, co robi\u0105, ile maj\u0105 lat i takie tam&#8230; Nie jestem jednak fanem informowania ca\u0142ego \u015bwiata o moim \u017cyciu prywatnym. Wypada jednak co\u015b napisa\u0107. A wi\u0119c uchyl\u0119 r\u0105bka prywatno\u015bci, ale tylko w dziedzinie, kt\u00f3ra mnie fascynuje. A wi\u0119c\u2026&nbsp;Jednym (nie jedynym!)&nbsp;z moich zainteresowa\u0144 s\u0105 podr\u00f3\u017ce motocyklowe. I powiem tak: ze spraw ZUPE\u0141NIE NIEWA\u017bNYCH, to w\u0142a\u015bnie one (i narciarstwo) s\u0105 dla mnie najwa\u017cniejsze. Je\u017cd\u017c\u0119 ile tylko czas i finanse pozwalaj\u0105. Gdy ich brak, to czytam o podr\u00f3\u017cach co tylko mog\u0119 i gdzie si\u0119 da. Si\u0142\u0105 rzeczy tak\u017ce w internecie. I widz\u0119 tam spore zainteresowanie tematem moto-podr\u00f3\u017cy oraz r\u00f3\u017cne sposoby dzielenia si\u0119 swymi zainteresowaniami i prze\u017cyciami. Oczywi\u015bcie dla jednych b\u0119dzie&nbsp;to forum wymiany informacji, podzielenia si\u0119 do\u015bwiadczeniami, \u017ar\u00f3d\u0142o inspiracji i motywacji do dzia\u0142ania. Dla innych areopag pychy, pr\u00f3\u017cno\u015bci i przechwa\u0142ek. Dla wielu spos\u00f3b na zarobienie pieni\u0119dzy, dla innych metoda ich marnotrawienia. No c\u00f3\u017c&#8230; Ka\u017cdy widzi to, co chce zobaczy\u0107&#8230;&nbsp;Ja osobi\u015bcie mam nadziej\u0119, \u017ce ta strona raczej zainspiruje i rozpali innych, a nie zgorszy.&nbsp;Wi\u0119c, je\u015bli kto\u015b doczyta\u0142 do tego miejsca i wytrzyma\u0142 &#8211; zapraszam dalej! PS. Niestety jak ka\u017cdy Polak nie narzekam na nadmiar czasu, wi\u0119c informacje na stronie b\u0119d\u0105 pojawia\u0107 si\u0119 pewnie baaardzo powoli&#8230;","og_url":"https:\/\/moturysta.pl\/index.php\/o-mnie\/","og_site_name":"moturysta.pl","article_modified_time":"2024-03-02T12:40:31+00:00","twitter_card":"summary_large_image","twitter_misc":{"Szacowany czas czytania":"2 minuty"},"schema":{"@context":"https:\/\/schema.org","@graph":[{"@type":"WebPage","@id":"https:\/\/moturysta.pl\/index.php\/o-mnie\/","url":"https:\/\/moturysta.pl\/index.php\/o-mnie\/","name":"O mnie - moturysta.pl","isPartOf":{"@id":"https:\/\/moturysta.pl\/#website"},"datePublished":"2024-03-02T12:40:26+00:00","dateModified":"2024-03-02T12:40:31+00:00","breadcrumb":{"@id":"https:\/\/moturysta.pl\/index.php\/o-mnie\/#breadcrumb"},"inLanguage":"pl-PL","potentialAction":[{"@type":"ReadAction","target":["https:\/\/moturysta.pl\/index.php\/o-mnie\/"]}]},{"@type":"BreadcrumbList","@id":"https:\/\/moturysta.pl\/index.php\/o-mnie\/#breadcrumb","itemListElement":[{"@type":"ListItem","position":1,"name":"Home","item":"https:\/\/moturysta.pl\/"},{"@type":"ListItem","position":2,"name":"O mnie"}]},{"@type":"WebSite","@id":"https:\/\/moturysta.pl\/#website","url":"https:\/\/moturysta.pl\/","name":"Podr\u00f3\u017ce motocyklowe","description":"jeden Cel... wiele Dr\u00f3g","publisher":{"@id":"https:\/\/moturysta.pl\/#\/schema\/person\/15421b60b90a49ff8984002e28288631"},"potentialAction":[{"@type":"SearchAction","target":{"@type":"EntryPoint","urlTemplate":"https:\/\/moturysta.pl\/?s={search_term_string}"},"query-input":{"@type":"PropertyValueSpecification","valueRequired":true,"valueName":"search_term_string"}}],"inLanguage":"pl-PL"},{"@type":["Person","Organization"],"@id":"https:\/\/moturysta.pl\/#\/schema\/person\/15421b60b90a49ff8984002e28288631","name":"moturysta","image":{"@type":"ImageObject","inLanguage":"pl-PL","@id":"https:\/\/secure.gravatar.com\/avatar\/f3409b2e14918dd2de3b006e2937960734f928ca006ec41ab81cfc57937a4ccc?s=96&d=mm&r=g","url":"https:\/\/secure.gravatar.com\/avatar\/f3409b2e14918dd2de3b006e2937960734f928ca006ec41ab81cfc57937a4ccc?s=96&d=mm&r=g","contentUrl":"https:\/\/secure.gravatar.com\/avatar\/f3409b2e14918dd2de3b006e2937960734f928ca006ec41ab81cfc57937a4ccc?s=96&d=mm&r=g","caption":"moturysta"},"logo":{"@id":"https:\/\/secure.gravatar.com\/avatar\/f3409b2e14918dd2de3b006e2937960734f928ca006ec41ab81cfc57937a4ccc?s=96&d=mm&r=g"},"sameAs":["https:\/\/moturysta.pl"]}]}},"acf":[],"_links":{"self":[{"href":"https:\/\/moturysta.pl\/index.php\/wp-json\/wp\/v2\/pages\/52","targetHints":{"allow":["GET"]}}],"collection":[{"href":"https:\/\/moturysta.pl\/index.php\/wp-json\/wp\/v2\/pages"}],"about":[{"href":"https:\/\/moturysta.pl\/index.php\/wp-json\/wp\/v2\/types\/page"}],"author":[{"embeddable":true,"href":"https:\/\/moturysta.pl\/index.php\/wp-json\/wp\/v2\/users\/1"}],"replies":[{"embeddable":true,"href":"https:\/\/moturysta.pl\/index.php\/wp-json\/wp\/v2\/comments?post=52"}],"version-history":[{"count":1,"href":"https:\/\/moturysta.pl\/index.php\/wp-json\/wp\/v2\/pages\/52\/revisions"}],"predecessor-version":[{"id":53,"href":"https:\/\/moturysta.pl\/index.php\/wp-json\/wp\/v2\/pages\/52\/revisions\/53"}],"wp:attachment":[{"href":"https:\/\/moturysta.pl\/index.php\/wp-json\/wp\/v2\/media?parent=52"}],"curies":[{"name":"wp","href":"https:\/\/api.w.org\/{rel}","templated":true}]}}